{"version":"1.0","provider_name":"Municipality of Brome Village","provider_url":"https:\/\/bromevillage.ca\/en\/","author_name":"bromevillage","author_url":"https:\/\/bromevillage.ca\/en\/author\/bromevillage\/","title":"National day of remembrance for victims of COVID\u201119 - Municipality of Brome Village","type":"rich","width":600,"height":338,"html":"<blockquote class=\"wp-embedded-content\" data-secret=\"tKhAT5aDIv\"><a href=\"https:\/\/bromevillage.ca\/en\/2021\/03\/national-day-of-remembrance-for-victims-of-covid%e2%80%9119\/\">National day of remembrance for victims of COVID\u201119<\/a><\/blockquote><iframe sandbox=\"allow-scripts\" security=\"restricted\" src=\"https:\/\/bromevillage.ca\/en\/2021\/03\/national-day-of-remembrance-for-victims-of-covid%e2%80%9119\/embed\/#?secret=tKhAT5aDIv\" width=\"600\" height=\"338\" title=\"&#8220;National day of remembrance for victims of COVID\u201119&#8221; &#8212; Municipality of Brome Village\" data-secret=\"tKhAT5aDIv\" frameborder=\"0\" marginwidth=\"0\" marginheight=\"0\" scrolling=\"no\" class=\"wp-embedded-content\"><\/iframe><script type=\"text\/javascript\">\n\/* <![CDATA[ *\/\n\/*! This file is auto-generated *\/\n!function(d,l){\"use strict\";l.querySelector&&d.addEventListener&&\"undefined\"!=typeof URL&&(d.wp=d.wp||{},d.wp.receiveEmbedMessage||(d.wp.receiveEmbedMessage=function(e){var t=e.data;if((t||t.secret||t.message||t.value)&&!\/[^a-zA-Z0-9]\/.test(t.secret)){for(var s,r,n,a=l.querySelectorAll('iframe[data-secret=\"'+t.secret+'\"]'),o=l.querySelectorAll('blockquote[data-secret=\"'+t.secret+'\"]'),c=new RegExp(\"^https?:$\",\"i\"),i=0;i<o.length;i++)o[i].style.display=\"none\";for(i=0;i<a.length;i++)s=a[i],e.source===s.contentWindow&&(s.removeAttribute(\"style\"),\"height\"===t.message?(1e3<(r=parseInt(t.value,10))?r=1e3:~~r<200&&(r=200),s.height=r):\"link\"===t.message&&(r=new URL(s.getAttribute(\"src\")),n=new URL(t.value),c.test(n.protocol))&&n.host===r.host&&l.activeElement===s&&(d.top.location.href=t.value))}},d.addEventListener(\"message\",d.wp.receiveEmbedMessage,!1),l.addEventListener(\"DOMContentLoaded\",function(){for(var e,t,s=l.querySelectorAll(\"iframe.wp-embedded-content\"),r=0;r<s.length;r++)(t=(e=s[r]).getAttribute(\"data-secret\"))||(t=Math.random().toString(36).substring(2,12),e.src+=\"#?secret=\"+t,e.setAttribute(\"data-secret\",t)),e.contentWindow.postMessage({message:\"ready\",secret:t},\"*\")},!1)))}(window,document);\n\/\/# sourceURL=https:\/\/bromevillage.ca\/wp-includes\/js\/wp-embed.min.js\n\/* ]]> *\/\n<\/script>\n","thumbnail_url":"https:\/\/i1.wp.com\/bromevillage.ca\/wp-content\/uploads\/20-210-404W_Infographie_Visuel_J_11mars_Covid19_Municipalite_ANG_VF3.jpg?fit=1920%2C1080&ssl=1","thumbnail_width":1920,"thumbnail_height":1080,"description":"Bienvenue sur le site web de la municipalit\u00e9 du Village de Brome, reconnu comme \u00e9tant l'h\u00f4te d'une de plus importantes expositions agricoles du Qu\u00e9bec, la Municipalit\u00e9 du village de Brome b\u00e9n\u00e9ficie d\u2019une vue exceptionnelle sur le massif des Monts Sutton, de grands espaces, de tranquillit\u00e9 ainsi qu'un esprit d'entraide et de solidarit\u00e9."}

Bienvenue sur le site web de la municipalité du Village de Brome, reconnu comme étant l'hôte d'une de plus importantes expositions agricoles du Québec, la Municipalité du village de Brome bénéficie d’une vue exceptionnelle sur le massif des Monts Sutton, de grands espaces, de tranquillité ainsi qu'un esprit d'entraide et de solidarité.
